the highest common divisor of o and u?
11
Suppose 5191 = 5*t - 4*s, t + 5*s - 423 - 592 = 0. Calculate the greatest common divisor of t and 855.
45
Let f(w) = 35*w - 157. Let d be f(18). Calculate the highest common divisor of 11 and d.
11
Suppose -7*m + 432 = -3*m. Let c be 152/3724 - 31728/(-588). What is the greatest common factor of m and c?
54
Let g(x) = 0*x**3 - 2*x + 14 - 2*x**3 - 4*x**2 + 3*x**3. Let m = -213 + 218. Let a be g(m). What is the greatest common factor of a and 319?
29
Let f = -2303 - -2578. Calculate the greatest common factor of f and 75.
25
Suppose 170*g - 3456 = -133*g + 3210. Let n be 1/(2 + 6/(-4)). Suppose -n*a = a - 6. What is the highest common divisor of a and g?
2
Suppose 4*q + 32*r = 29*r + 4455, 4*r + 28 = 0. Calculate the greatest common factor of q and 9.
3
Let m(t) = -2*t + 8. Let s be m(-6). Suppose -37*n = -64*n + 189. Suppose n*i - 18 = 52. What is the highest common factor of i and s?
10
Let b(k) = -30*k - 104. Suppose 0 = -62*u + 48*u - 70. Let i be b(u). Calculate the highest common divisor of i and 322.
46
Let w(x) = 2*x**3 - 23*x**2 + 23*x + 8. Let c be w(11). Suppose 14*v = 7*v + c. What is the greatest common factor of 3 and v?
1
Let w be 2*4/(-12)*-3. Suppose 2*k + w*k - 44 = 0. Let r be (-1)/((-9)/3 - 128/(-44)). Calculate the greatest common divisor of r and k.
11
Suppose 3*b = b - 2*d + 2, -2*d + 8 = 3*b. Suppose b*r = 14*r - 504. Calculate the highest common divisor of r and 21.
21
Let y(b) = -21*b**3 + 26*b**2 + 53*b + 2. Let h be y(-2). Calculate the greatest common divisor of 432 and h.
24
Suppose -y - 5756 = -5*h, -4*y - 1040 - 3552 = -4*h. Calculate the highest common divisor of 72 and h.
72
Suppose -5*f = 3 - 78. Suppose -7*m - 584 = -f*m. Suppose 2*q - m = -9. What is the greatest common divisor of 96 and q?
32
Let p = 100 - 60. Let h = -82120 - -82144. What is the greatest common divisor of h and p?
8
Suppose 250 - 1330 = -4*n. Let u = -19 + 26. Let i(r) = r**2 - 3*r - 1. Let f be i(u). What is the greatest common factor of n and f?
27
Let i = -144 - -79. Let m = -40 - i. Calculate the greatest common factor of 100 and m.
25
Let s(z) = -z**2 + 12*z - 6. Let q be s(6). Suppose -8*r - 3*r - 197 = -692. What is the greatest common factor of q and r?
15
Let k be ((-78)/(-117) - (-130)/12) + (-6)/(-4). What is the highest common factor of k and 65?
13
Let z = -27395 + 38983. What is the highest common factor of z and 4?
4
Let v be 6*((-138)/126 - (-6)/14). Let r be 1/1 - (29/(-1) + v). Calculate the highest common divisor of 4 and r.
2
Let h = 16589 - 10870. Let q(d) = -d**3 + 8*d**2 - 8*d + 1. Let f be q(7). Let o be 1/f + h/114. Calculate the greatest common factor of 40 and o.
10
Let f(o) = -13*o**3 + 2*o**2 - 4*o. Let c(t) = -t**2 + 29*t - 30. Let v be c(28). Let x be f(v). Calculate the highest common divisor of 30 and x.
30
Suppose 152 = 91*g - 1986 - 774. What is the greatest common factor of g and 74?
2
Suppose -3*o + 9456 = 4*b - 10553, 25009 = 5*b + 3*o. What is the greatest common divisor of b and 40?
40
Let h = 59923 - 59907. Let i(r) = r**3 + r**2 - r + 64. Let y be i(0). What is the greatest common divisor of y and h?
16
Suppose -5*k = 6*y - 25422, -41*y = -3*k - 37*y + 15276. What is the highest common factor of k and 96?
96
Let y be (-2 + 22)*6/6. Let a = 8982 - 8937. Calculate the highest common divisor of a and y.
5
Let w(z) = -952*z - 3685. Let v be w(-4). What is the highest common divisor of v and 4223?
41
Suppose -38 + 2 = -9*u. Suppose 5*s - 167 = 2*j, 3*s = u*j + 75 + 28. What is the highest common divisor of 3 and s?
3
Suppose -108 = 5*p + 352. Suppose -744*s = -728*s + 720. Let b be (24/s)/4 - p/15. Calculate the highest common divisor of 6 and b.
6
Let r(k) = -k**3 + 8*k**2 - 8*k + 7. Let b be r(7). Suppose b = d - 4*q - 21 - 79, d - 116 = -4*q. What is the greatest common divisor of 324 and d?
108
Let r(p) = -2*p**2 - 13*p + 5 + 19*p**2 - 16*p**2. Let w be r(14). What is the greatest common divisor of 152 and w?
19
Suppose -2*l + 600 = 3*g - 0*g, g = -2*l + 204. Suppose -r = -5*o - 13, 83*r - 82*r + 5*o - 23 = 0. What is the highest common factor of r and g?
18
Suppose 0 = 3*n - 12*n + 45. Suppose 0 = n*u + 35. Let i = u - -39. What is the highest common factor of i and 8?
8
Suppose -2*x = -5*w + 3544, 63 = x + 60. Let s = 714 - w. Calculate the greatest common factor of 148 and s.
4
Let j be -178 - -30 - (-5 - 1). Let g = j - -418. Calculate the greatest common factor of g and 12.
12
Suppose 0 = 3*q - 4*f + 41 - 132, 0 = 5*q + 3*f - 84. What is the greatest common divisor of q and 32928?
21
Suppose -5 = 5*f, -4*m - 7*f - 29 = -2*f. Let c = 16 - m. Suppose 4 - c = -3*n. Calculate the greatest common divisor of 48 and n.
6
Let g(b) = 3370*b - 1706. Let c be g(4). What is the highest common factor of c and 14?
14
Let p be (1712/(-1498))/(4/(-7)). Calculate the greatest common factor of p and 14232.
2
Let m be ((-16)/(768/(-112)))/(7/30). What is the highest common factor of m and 185?
5
Suppose 79794 = 4767*c - 4756*c. What is the highest common divisor of 78 and c?
78
Let z be (60/9 - 6) + 317/(-3). Let h = z + 253. What is the greatest common divisor of 185 and h?
37
Suppose 2*o - 20 = -174. Let v = -76 - o. Let h be 31/5 - v/5. Calculate the highest common divisor of 30 and h.
6
Suppose 5*x - 213223 = -69*x + 207393. Calculate the greatest common factor of x and 112.
28
Suppose 3*o + 1260 = h, 6*h + 2*o + 6365 = 11*h. What is the greatest common divisor of h and 204?
51
Suppose -2*m = -5*m + 54. Suppose -1766*b + 1768*b = -2, g - 813 = 3*b. Calculate the greatest common factor of m and g.
18
Let y = 20076 - 19677. Calculate the highest common divisor of y and 7.
7
Let n = -1808 + 3100. Calculate the highest common divisor of 204 and n.
68
Suppose -26*t - 16 = -28*t. Let a(c) = -c**3 + 8*c**2 + 5*c - 2. Let q be a(t). Calculate the greatest common factor of 38 and q.
38
Let v = 81 + -74. Suppose 2*n - 568 = -2*m, -860 = -3*n - 6*m + v*m. Suppose 2*p + 0*p = n. What is the highest common divisor of p and 11?
11
Let z(d) = 7*d**2 + 18*d - 141. Let h be z(-7). What is the highest common divisor of 3534 and h?
38
Let v = -326 + 693. Let o = v + -112. Suppose 2*w + 240 = 2*i, -i - i - w + o = 0. Calculate the highest common divisor of 25 and i.
25
Let s(o) = 6*o - 7. Suppose 1 = -p - m - 11, -4*m = -5*p - 105. Let r be s(p). Let j = 225 + r. What is the highest common factor of j and 29?
29
Let x(g) = g**3 + 7*g**2 - 27*g + 200. Let f be x(6). Let a = -395 + f. What is the highest common divisor of 6 and a?
3
Suppose 2*h = 6*h - 4*d + 36, -5*d - 18 = 4*h. Let n be (-8 + 271 - 8) + h. What is the greatest common factor of 16 and n?
8
Let v = 2659 + -2658. Let m be (4 + 2)/(-1 + 3). What is the highest common factor of v and m?
1
Suppose 0 = -10*k + 57 + 23. Suppose k*j = -45*j + 530. Calculate the highest common factor of j and 235.
5
Let y = 69 - 55. Suppose 95 = 2*m + 87. Calculate the highest common factor of y and m.
2
Let z be (38/10 + -1)/(68*(-32)/(-27200)). What is the greatest common factor of z and 705?
5
Let v(r) = -77*r - 12818. Let g be v(-174). Calculate the highest common factor of g and 640.
20
Suppose -139672 = -168*s + 10*s. What is the greatest common factor of 1196 and s?
52
Let o be (-6)/27 - (-222)/27 - 2. Let l = 174 - 173. What is the greatest common divisor of o and l?
1
Suppose t = 6*x - 2*x + 4, -4*x - 4 = 0. Suppose -4*l = 2*y - 142, t = -3*l - l + 5*y + 149. Calculate the highest common divisor of 20 and l.
4
Suppose -6*u + 35947 - 30817 = 0. Calculate the greatest common divisor of 12540 and u.
285
Suppose -3*g + 169*o - 168*o = -79, 5*g = -4*o + 160. What is the highest common divisor of g and 112?
28
Let u be (1 + 3)/((-12)/(-42)). Let d be 48/42*u/4. Calculate the greatest common divisor of 1 and d.
1
Let o be (4/(-10))/(34/(-1615)). Let p = 72 - 39. Let t = p - o. Calculate the highest common divisor of 70 and t.
14
Let v be (60/(-18))/((1 - 25/15)/652). Calculate the greatest common factor of 240 and v.
20
Let k(h) = 83*h + 8767. Let a be k(-105). Let c be (1 + -3 - -3) + 38. Calculate the highest common factor of c and a.
13
Let y = 7 + -1. Let f = 28 - y. Suppose 3*g - 21*g = -990. Calculate the greatest common factor of f and